Let h = 174 + -168. Let a = -43 + 81. Let n be a/h + 10/15. What is the greatest common divisor of n and 7?
7
Let t(i) = i**3 + 11*i**2 + 7*i + 4. Let j be t(-4). Let g be (-1)/(6/(-44)*2/3). Calculate the highest common divisor of j and g.
11
Let l be 2/(-2)*(-2 - 2). Suppose t = -0*t - x + 18, l*t = -x + 78. Calculate the highest common divisor of t and 5.
5
Let s = 24 - -8. Let c = 47 - s. What is the greatest common divisor of 15 and c?
15
Let p(y) = -y**2 + 5*y - 4. Let i be p(4). Let l = 1 + i. Calculate the greatest common divisor of 1 and l.
1
Suppose 14*b = -9*b + 598. Let w = 194 + -129. Calculate the greatest common divisor of w and b.
13
Let z(l) = 19*l + 17. Let m(g) = -9*g - 8. Let j(w) = 9*m(w) + 4*z(w). Let r be j(-4). What is the highest common factor of r and 2?
2
Suppose -2*q + 3 - 1 = 0, 4*z = 3*q + 5. Suppose z*s - d - 26 = 0, -s + 4*d + 13 = -0*d. What is the greatest common divisor of 117 and s?
13
Let n be ((-308)/6)/(2/(-6)). Suppose 3*h + q = 46, 0 = 3*h - 5*q - 30 + 8. Calculate the highest common factor of n and h.
14
Suppose -t + 7*s = 2*s + 2, 55 = 4*t + s. Let j = 117 + 26. Calculate the highest common divisor of t and j.
13
Suppose -4*f + 3*s = -24, 4*f = 7*f - 5*s - 18. Calculate the highest common factor of 9 and f.
3
Let n be 2/(-6) + 52/3. Suppose 0 = -m - 3, 3*t + 0*t + 2*m - 555 = 0. Calculate the greatest common divisor of n and t.
17
Let h be 3*4*(-2)/(-8). Suppose 0*o - o = -h. Suppose -48 = -4*l + 2*l. Calculate the highest common divisor of l and o.
3
Let b(p) = p + 21. Suppose 3*z = -5*t - 56, 4*t - 2*z + 32 = 2*z. Let f be b(t). Calculate the greatest common factor of f and 55.
11
Let c = -18 - -42. Calculate the highest common factor of c and 72.
24
Let j be 359/4 + 2/8. Let m(a) = a**2 - 6*a + 2. Let f = 21 + -13. Let p be m(f). What is the greatest common factor of j and p?
18
Let b = 48 + -6. What is the highest common factor of 63 and b?
21
Let c(l) = 9*l - 36. Let p be c(12). Calculate the highest common factor of p and 18.
18
Let a = 200 - 112. What is the greatest common factor of 11 and a?
11
Let d(w) = w**3 + 4*w**2 - 6*w - 4. Let x be d(-5). Let r be 67 - 2*x/1. Let b = 3 - -10. What is the highest common factor of b and r?
13
Suppose 1 = 5*l + w, 3*w - 2*w - 1 = -l. Suppose 25 = s - 6*s, 2*a + 5*s - 129 = l. Suppose a = 3*q - 37. What is the highest common factor of q and 57?
19
Let c be 3/12 + (-438)/(-8). Let j be ((-6)/18)/(4/(-132)). What is the greatest common factor of c and j?
11
Let s be ((-4)/(-6))/(8/84). Let i(o) = 49*o**2 - o + 1. Let f = 3 - 2. Let t be i(f). Calculate the highest common factor of t and s.
7
Let l be ((-26)/4)/(1/(-10)). Let c = l + -33. Let h be (-2 - -5)/(6/16). Calculate the greatest common divisor of c and h.
8
Suppose 2*k + 1 = -3, 2*f + 14 = 2*k. Let b be (-33)/f*3 - 2. What is the highest common divisor of 81 and b?
9
Let k = -7 - -8. Let q = 7 - k. What is the highest common factor of q and 15?
3
Suppose -j + 18 = -2*j - 5*h, 3*h + 15 = 0. What is the greatest common factor of j and 21?
7
Suppose 3*n - 44 = n. Let p be 4/6 - 238/(-3). Suppose p = u + 5*h, -5*h = 2*u + u - 190. Calculate the highest common divisor of n and u.
11
Suppose -239 - 1381 = -20*l. Calculate the greatest common factor of l and 54.
27
Let y = 132 - 0. Calculate the greatest common divisor of y and 12.
12
Let p = 11 - 5. Let l be (p - 0)*(-2)/(-4). Suppose x - 5*s - 62 = 49, -l*x - 4*s = -390. Calculate the greatest common factor of 18 and x.
18
Let x be (18/45)/((-1)/(-20)). Let v = -57 - -85. Let w be 2/(-7) + 1128/v. Calculate the greatest common divisor of w and x.
8
Let z be 4/(-14) + (-44)/(-7). Suppose -2*i = -15 + 5. Let m = z - i. What is the greatest common divisor of 1 and m?
1
Let g(h) = -3*h - 4 + 8*h + 6. Let j be g(7). Let w = 65 - j. What is the highest common divisor of 4 and w?
4
Let g be (1 - 0)*(-7 + 18). Let q = g - 7. Calculate the greatest common factor of 4 and q.
4
Let i be (-2)/(-4) - (-24)/16. Let g be 107/3 + i/6. Calculate the greatest common divisor of 90 and g.
18
Let z = -8 - -41. Calculate the highest common divisor of z and 11.
11
Let c = 39 - 13. Suppose -5*k + 54 = -11. Calculate the greatest common factor of c and k.
13
Suppose 0 = 3*n - 0*n - 168. Calculate the greatest common divisor of n and 14.
14
Let a be (3 - -90)*2/6. Let s = a + -19. Calculate the highest common divisor of 36 and s.
12
Let b(w) = -w**2 - 8*w - 1. Let l be b(-6). Let x = l - 5. Suppose -j = 2*m - 131, 0 = j + 3*j + 4. Calculate the greatest common divisor of m and x.
6
Suppose 34 = 3*a - a. Let u = -11 + a. Calculate the highest common divisor of u and 48.
6
Suppose 0 = -3*h - 0*h - m + 93, -3*h + 78 = -4*m. Let t(p) = 4*p - 2. Let x be t(3). What is the highest common factor of h and x?
10
Let l be 2*2/((-1)/(-1)). Let g(c) = c**3 - 5*c**2 + 5*c + 1. Let x be g(l). Let a = -4 + x. Calculate the greatest common factor of 5 and a.
1
Let j = 16 + -5. Suppose j = q - 2. Let h be 1/(-1) - -15 - 1. What is the greatest common factor of q and h?
13
Let a be 4/(-10)*(-1 - -5 - 169). Let i = -5 - -11. What is the greatest common factor of i and a?
6
Let l be (17/3)/((-2)/(-6)). What is the highest common divisor of 51 and l?
17
Let d be (1/2)/(1/14). Suppose f + 4*f - q = 319, f - 67 = q. Calculate the greatest common divisor of d and f.
7
Suppose -2*b = 4*k - 170, -3*k = 5*b - 142 + 4. What is the highest common factor of k and 451?
41
Let n be 42/14*(-6)/(-1). Calculate the highest common divisor of 36 and n.
18
Let j be (4 - 0/3) + 0. Suppose -4*l = -9*l + 140. What is the greatest common divisor of j and l?
4
Let f(t) = 0*t**3 - 4*t + 3*t - t**2 + t**3. Let w be f(2). Suppose -5*j = -h + 18, w*h - 3*j - 12 = -j. What is the highest common divisor of 30 and h?
3
Suppose -b = 2*y - 10, -4*y + 7*y - 4*b - 26 = 0. Suppose 0 = -r - 0*r + 46. Let a = r - 22. Calculate the highest common factor of a and y.
6
Let f(d) = -d**3 + d**2 - 4*d + 18. Let h be f(0). What is the greatest common factor of 45 and h?
9
Suppose 0 = 3*k - d - 28, 3*k - 5*d - 8 = 36. Suppose 4*z - 24 = 2*b + 2, -4*b - 12 = -3*z. What is the greatest common factor of z and k?
8
Suppose 4 = 8*g - 3*g - 2*n, -5*g = -3*n - 1. Suppose -5*s + 25 = 0, g*t = s + s + 70. What is the greatest common divisor of t and 8?
8
Let g(d) = -4*d**2 - 1. Let h be g(-1). Let r be h*(2 + 19/(-5)). What is the greatest common factor of r and 99?
9
Suppose 0 = -s + 4*q + 5, -5*q = s - 0*s - 5. Suppose -s*b - 6 - 10 = -2*w, -5*w + 9 = 3*b. Let z = 11 - b. What is the greatest common divisor of 104 and z?
13
Let u be (-2)/3 - 24/(-9). Suppose 7*o = u*o + 10. What is the greatest common factor of o and 16?
2
Let d = -15 - -29. Suppose m - d = -m. Let q(f) = f + 1. Let v be q(6). What is the highest common factor of m and v?
7
Suppose 4*x - 228 = 188. Calculate the highest common divisor of x and 13.
13
Let h = -15 - -21. Suppose -y - 4*y + 2*z + 258 = 0, -257 = -5*y + 3*z. Suppose 4*m - 20 = y. Calculate the greatest common divisor of m and h.
6
Suppose -4*u = 3*k + 3, 3*u = 4*k - 2*u - 27. Let b(m) = 5*m**3 - m**2 - 3*m + 3. Let c be b(2). Calculate the greatest common divisor of k and c.
3
Let w = -105 - -159. What is the greatest common factor of 36 and w?
18
Suppose -396 = -17*m + 14*m. What is the greatest common divisor of 12 and m?
12
Suppose -3*t = -t. Suppose t = r + 1 - 10. What is the greatest common divisor of 18 and r?
9
Let k = -46 + 31. Let q = k + 23. Let t(l) = -l**2 - 5*l - 3. Let n be t(-4). Calculate the highest common divisor of n and q.
1
Let b be 0 + -2 + 4 + 38. Calculate the highest common divisor of b and 16.
8
Let a be 3876/22 - ((-46)/(-11) + -4). What is the highest common factor of 16 and a?
16
Suppose -3*w - 291 = -2*f, 5*f - 4*w - 232 = 513. Suppose 0 = -2*t + 5*g + f, 5*t - 4*g = 560 - 152. Calculate the highest common divisor of 12 and t.
12
Let a(u) = -4*u. Let q be a(-4). Suppose q = -2*v + 4*v. What is the highest common divisor of 88 and v?
8
Let z be 2/7 - (-1896)/28. Let p(r) = -r**3 + 5*r**2 + 1. Let x be p(4). What is the highest common factor of x and z?
17
Suppose -a + 212 = 3*a. Let d be (30/(-40))/((-1)/4). Suppose -d*q + w = -7*q + a, 0 = -q - 2*w + 22. What is the highest common divis